{"id":4750,"date":"2021-03-05T10:58:00","date_gmt":"2021-03-05T09:58:00","guid":{"rendered":"http:\/\/przedszkole.kosowlacki.pl\/wordpress\/?page_id=4750"},"modified":"2021-03-05T11:14:08","modified_gmt":"2021-03-05T10:14:08","slug":"rodo","status":"publish","type":"page","link":"http:\/\/przedszkole.kosowlacki.pl\/wordpress\/rodo\/","title":{"rendered":"RODO"},"content":{"rendered":"<p><strong>INFORMACJA O INSPEKTORZE OCHRONY DANYCH OSOBOWYCH<\/strong><\/p>\n<p><strong>Inspektorem ochrony danych w Gminnym Przedszkolu w Kosowie Lackim jest Pani Paulina Skrouba dost\u0119pna pod adresem e-mail: <\/strong><a href=\"https:\/\/poczta.wp.pl\/k\/\"><strong>inspektor.rodo@naticom.pl<\/strong><\/a><\/p>\n<p><strong><em>Osoby, kt\u00f3rych dane dotycz\u0105, mog\u0105 kontaktowa\u0107 si\u0119 z\u00a0inspektorem ochrony danych we wszystkich sprawach zwi\u0105zanych z\u00a0przetwarzaniem ich danych osobowych.<\/em><\/strong><\/p>\n<p><strong>KLAUZULA INFORMACYJNA DOTYCZ\u0104CA PRZETWARZANIA DANYCH OSOBOWYCH<\/strong><\/p>\n<p>W zwi\u0105zku z zapisami art. 13 oraz art. 14 ROZPORZ\u0104DZENIA PARLAMENTU EUROPEJSKIEGO I RADY (UE) 2016\/679 z dnia 27 kwietnia 2016 r. w sprawie ochrony os\u00f3b fizycznych w zwi\u0105zku z przetwarzaniem danych osobowych i w sprawie swobodnego przep\u0142ywu takich danych oraz uchylenia dyrektywy 95\/46\/WE (og\u00f3lne rozporz\u0105dzenie o ochronie danych &#8211; RODO) informuj\u0119, \u017ce:<\/p>\n<ul>\n<li>Administratorem danych osobowych jest: <strong>Gminne Przedszkole w Kosowie Lackim<\/strong>, Polna 1, 08-330 Kos\u00f3w Lacki.<\/li>\n<li>Informujemy \u017ce na mocy art. 37 ust. 1 lit. a) RODO Administrator wyznaczy\u0142 Inspektora Ochrony Danych (IOD) \u2013 Pani\u0105 Paulin\u0119 Skrouba, kt\u00f3ra w jego imieniu nadzoruje sfer\u0119 przetwarzania danych osobowych. Z IOD mo\u017cna kontaktowa\u0107 si\u0119 pod adresem mail: <a href=\"mailto:inspektor.rodo@naticom.pl\">rodo@naticom.pl<\/a><\/li>\n<li>Podstawa prawna przetwarzania danych wynika z ustawy z dnia 14 grudnia 2016 r. Prawo o\u015bwiatowe oraz akt\u00f3w wykonawczych do w\/w ustawy, ustawy z dnia 15 kwietnia 2011 r. o systemie informacji o\u015bwiatowej, a tak\u017ce zada\u0144 zleconych przez instytucje nadrz\u0119dne wobec Administratora, w tak\u017ce na podstawie zg\u00f3d wyra\u017conych przez osob\u0119, kt\u00f3rej dane s\u0105 przetwarzane.<\/li>\n<li>Administrator przetwarza Pa\u0144stwa dane osobowe w \u015bci\u015ble okre\u015blonym, minimalnym zakresie niezb\u0119dnym do osi\u0105gni\u0119cia celu, o kt\u00f3rym mowa powy\u017cej.<\/li>\n<li>W szczeg\u00f3lnych sytuacjach Administrator mo\u017ce przekaza\u0107\/powierzy\u0107 Pa\u0144stwa dane innym podmiotom. Podstaw\u0105 przekazania\/powierzenia danych s\u0105 przepisy prawa lub w\u0142a\u015bciwie skonstruowane, zapewniaj\u0105ce bezpiecze\u0144stwo danym osobowym, umowy powierzenia danych do przetwarzania \u015bwiadcz\u0105cych us\u0142ugi na rzecz Administratora.<\/li>\n<li>Dane osobowe przetwarzane przez Gminne Przedszkole w Kosowie Lackim przechowywane b\u0119d\u0105 przez okres niezb\u0119dny do realizacji celu dla jakiego zosta\u0142y zebrane oraz zgodnie z terminami archiwizacji okre\u015blonymi przez ustaw\u0119 z dnia 14 lipca 1983 r. o narodowym zasobie archiwalnym i archiwach, w tym Rozporz\u0105dzenie Prezesa Rady Ministr\u00f3w z dnia 18 stycznia 2011 r. w sprawie instrukcji kancelaryjnej, jednolitych rzeczowych wykaz\u00f3w akt oraz instrukcji w sprawie organizacji i zakresu dzia\u0142ania archiw\u00f3w zak\u0142adowych.<\/li>\n<li>Ka\u017cda osoba, ma mo\u017cliwo\u015b\u0107: dost\u0119pu do danych osobowych jej dotycz\u0105cych, \u017c\u0105dania ich sprostowania, usuni\u0119cia \u2013 w zakresie danych przetwarzanych na podstawie zgody, ograniczenia przetwarzania, wniesienia sprzeciwu wobec przetwarzania. Z powy\u017cszych uprawnie\u0144 mo\u017cna skorzysta\u0107 w siedzibie Administratora, kieruj\u0105c korespondencj\u0119 na adres Administratora lub drog\u0105 elektroniczn\u0105 pisz\u0105c na adres: rodo@naticom.pl<\/li>\n<li>Osoba kt\u00f3rej dane przetwarzane s\u0105 na podstawie zgody wyra\u017conej przez t\u0119 osob\u0119 ma prawo do cofni\u0119cia tej zgody w dowolnym momencie bez wp\u0142ywu na zgodno\u015b\u0107 z prawem przetwarzania, kt\u00f3rego dokonano na podstawie zgody przed jej cofni\u0119ciem.<\/li>\n<li>Przys\u0142uguje Pa\u0144stwu prawo wniesienia skargi do organu nadzorczego na niezgodne<br \/>\nz RODO przetwarzanie Pa\u0144stwa danych osobowych przez Gminne Przedszkole<br \/>\nw Kosowie Lackim. Organem w\u0142a\u015bciwym dla ww. skargi jest:<\/li>\n<\/ul>\n<p><strong>Prezes Urz\u0119du Ochrony Danych Osobowych, ul. Stawki 2, 00-193 Warszawa.<\/strong><\/p>\n<p style=\"padding-left: 480px;\"><strong>El\u017cbieta Pietrzykowska<\/strong><\/p>\n<p style=\"padding-left: 520px;\"><strong><em>Dyrektor <\/em><\/strong><\/p>\n<p style=\"padding-left: 440px;\"><strong><em>Gminnego Przedszkola <\/em><\/strong><strong><em>\u00a0w Kosowie Lackim<\/em><\/strong><\/p>\n","protected":false},"excerpt":{"rendered":"<p>INFORMACJA O INSPEKTORZE OCHRONY DANYCH OSOBOWYCH Inspektorem ochrony danych w Gminnym Przedszkolu w Kosowie Lackim jest Pani Paulina Skrouba dost\u0119pna pod adresem e-mail: inspektor.rodo@naticom.pl Osoby, kt\u00f3rych dane dotycz\u0105, mog\u0105 kontaktowa\u0107 si\u0119 z\u00a0inspektorem ochrony danych we wszystkich sprawach zwi\u0105zanych z\u00a0przetwarzaniem ich danych osobowych. KLAUZULA INFORMACYJNA DOTYCZ\u0104CA PRZETWARZANIA DANYCH OSOBOWYCH W zwi\u0105zku z zapisami art. 13 oraz&hellip; <br \/> <a class=\"read-more\" href=\"http:\/\/przedszkole.kosowlacki.pl\/wordpress\/rodo\/\">Read more<\/a><\/p>\n","protected":false},"author":1,"featured_media":0,"parent":0,"menu_order":0,"comment_status":"closed","ping_status":"closed","template":"","meta":[],"_links":{"self":[{"href":"http:\/\/przedszkole.kosowlacki.pl\/wordpress\/wp-json\/wp\/v2\/pages\/4750"}],"collection":[{"href":"http:\/\/przedszkole.kosowlacki.pl\/wordpress\/wp-json\/wp\/v2\/pages"}],"about":[{"href":"http:\/\/przedszkole.kosowlacki.pl\/wordpress\/wp-json\/wp\/v2\/types\/page"}],"author":[{"embeddable":true,"href":"http:\/\/przedszkole.kosowlacki.pl\/wordpress\/wp-json\/wp\/v2\/users\/1"}],"replies":[{"embeddable":true,"href":"http:\/\/przedszkole.kosowlacki.pl\/wordpress\/wp-json\/wp\/v2\/comments?post=4750"}],"version-history":[{"count":4,"href":"http:\/\/przedszkole.kosowlacki.pl\/wordpress\/wp-json\/wp\/v2\/pages\/4750\/revisions"}],"predecessor-version":[{"id":4767,"href":"http:\/\/przedszkole.kosowlacki.pl\/wordpress\/wp-json\/wp\/v2\/pages\/4750\/revisions\/4767"}],"wp:attachment":[{"href":"http:\/\/przedszkole.kosowlacki.pl\/wordpress\/wp-json\/wp\/v2\/media?parent=4750"}],"curies":[{"name":"wp","href":"https:\/\/api.w.org\/{rel}","templated":true}]}}