{"id":4745,"date":"2021-03-05T10:52:48","date_gmt":"2021-03-05T09:52:48","guid":{"rendered":"http:\/\/przedszkole.kosowlacki.pl\/wordpress\/?page_id=4745"},"modified":"2025-03-31T06:15:47","modified_gmt":"2025-03-31T04:15:47","slug":"deklaracja-dostepnosci","status":"publish","type":"page","link":"http:\/\/przedszkole.kosowlacki.pl\/wordpress\/klub-dzieciecy\/deklaracja-dostepnosci\/","title":{"rendered":"Deklaracja dost\u0119pno\u015bci"},"content":{"rendered":"<p>Klub Dzieci\u0119cy w Kosowie Lackim zobowi\u0105zuje si\u0119 zapewni\u0107 dost\u0119pno\u015b\u0107 swojej strony internetowej Klubu Dzieci\u0119cego w Kosowie Lackim zgodnie z ustaw\u0105 z dnia 4 kwietnia 2019r. o dost\u0119pno\u015bci cyfrowej stron internetowych i aplikacji mobilnych podmiot\u00f3w publicznych. o\u015bwiadczenie w sprawie dost\u0119pno\u015bci ma zastosowanie do strony internetowej <a href=\"http:\/\/www.przedszkole.kosowlacki.pl\/wordpress\/\">www.przedszkole.kosowlacki.pl\/wordpress\/<\/a>\u00a0 \u00a0w zak\u0142adce Klub Dzieci\u0119cy.<\/p>\n<p>Data publikacji strony internetowej: 03.10.2015 r.<\/p>\n<p>Data ostatniej du\u017cej aktualizacji: 07.09.2020 r.<\/p>\n<p>Strona internetowa jest cz\u0119\u015bciowo zgodna z ustaw\u0105 z dnia 4 kwietnia 2019 roku o dost\u0119pno\u015bci cyfrowej stron internetowych i aplikacji mobilnych podmiot\u00f3w publicznych z powodu niezgodno\u015bci lub wy\u0142\u0105cze\u0144 wymienionych poni\u017cej:<\/p>\n<ul>\n<li>filmy nie posiadaj\u0105 napis\u00f3w dla os\u00f3b g\u0142uchych,<\/li>\n<li>linki otwieraj\u0105 si\u0119 w nowej karcie bez ostrze\u017cenia,<\/li>\n<li>brak odpowiedniej struktury nag\u0142\u00f3wkowej artyku\u0142\u00f3w,<\/li>\n<li>cz\u0119\u015b\u0107 plik\u00f3w nie jest dost\u0119pna cyfrowo,<\/li>\n<li>brak opis\u00f3w zdj\u0119\u0107, tekstu alternatywnego dla czytnik\u00f3w obs\u0142ugiwanych przez osoby niepe\u0142nosprawne,<\/li>\n<li>brak mo\u017cliwo\u015bci zmiany rozmiaru tekstu,<\/li>\n<li>administratorzy\/redaktorzy dok\u0142adaj\u0105 wszelkich stara\u0144, aby dane zamieszczone na stronie by\u0142y zrozumia\u0142e oraz formatowane w spos\u00f3b zgodny z zasadami dost\u0119pno\u015bci.<\/li>\n<\/ul>\n<p>Powody wy\u0142\u0105czenia:<\/p>\n<ul>\n<li>strona zosta\u0142a zaprojektowana przed wej\u015bciem w \u017cycie ustawy o dost\u0119pno\u015bci cyfrowej.<\/li>\n<\/ul>\n<p>Strona posiada nast\u0119puj\u0105ce u\u0142atwienia dla os\u00f3b z niepe\u0142nosprawno\u015bciami:<\/p>\n<ul>\n<li>na stronie internetowej mo\u017cna u\u017cywa\u0107 standardowych skr\u00f3t\u00f3w klawiaturowych przegl\u0105darki.<\/li>\n<\/ul>\n<p>O\u015bwiadczenie sporz\u0105dzono dnia 20.03.2025r.<\/p>\n<p>Deklaracj\u0119 sporz\u0105dzono na podstawie samooceny przeprowadzonej przez podmiot publiczny.<\/p>\n<p><strong>Informacje zwrotne i dane kontaktowe<\/strong><\/p>\n<p>W przypadku problem\u00f3w z dost\u0119pno\u015bci\u0105 do strony internetowej prosimy o kontakt.<\/p>\n<p>osob\u0105 do kontaktu \u2013 El\u017cbieta Pietrzykowska.<\/p>\n<p>adres e-mail \u2013 <a href=\"mailto:przedszkole.kosowlacki@vp.pl\">przedszkole.kosowlacki@vp.pl<\/a><\/p>\n<p>Numer telefonu 257879041<\/p>\n<p>T\u0105 sam\u0105 drog\u0105 mo\u017cna sk\u0142ada\u0107 wnioski o udost\u0119pnienie informacji niedost\u0119pnej oraz sk\u0142ada\u0107 skargi na brak zapewnienia dost\u0119pno\u015bci.<\/p>\n<p><strong>Informacje na temat procedury odwo\u0142awczej<\/strong><\/p>\n<p>T\u0105 sam\u0105 drog\u0105 mo\u017cna sk\u0142ada\u0107 wnioski o udost\u0119pnienie informacji niedost\u0119pnej oraz sk\u0142ada\u0107 skargi na brak zapewnienia dost\u0119pno\u015bci. Ka\u017cdy ma prawo do wyst\u0105pienia z \u017c\u0105daniem zapewnienia dost\u0119pno\u015bci cyfrowej strony internetowej. Mo\u017cna tak\u017ce za\u017c\u0105da\u0107 udost\u0119pnienia informacji w\u00a0formach alternatywnego dost\u0119pu np. odczytanie niedost\u0119pnego cyfrowo dokumentu, opisanie zawarto\u015bci filmu bez audiodeskrypcji itp.<\/p>\n<p>\u017b\u0105danie powinno zawiera\u0107 dane osoby zg\u0142aszaj\u0105cej \u017c\u0105danie, wskazanie, o kt\u00f3r\u0105 stron\u0119 internetow\u0105 chodzi oraz spos\u00f3b kontaktu. Je\u017celi osoba \u017c\u0105daj\u0105ca zg\u0142asza potrzeb\u0119 otrzymania informacji w formie alternatywnej powinna tak\u017ce okre\u015bli\u0107 dogodny dla niej spos\u00f3b przedstawienia tej informacji.<\/p>\n<p>Podmiot publiczny powinien zrealizowa\u0107 \u017c\u0105danie niezw\u0142ocznie, nie p\u00f3\u017aniej ni\u017c w ci\u0105gu 7 dni od dnia wyst\u0105pienia z \u017c\u0105daniem. Je\u017celi dotrzymanie tego terminu nie jest mo\u017cliwe, podmiot publiczny niezw\u0142ocznie informuje o tym wnosz\u0105cego \u017c\u0105danie, kiedy realizacja \u017c\u0105dania b\u0119dzie mo\u017cliwa, przy czym termin ten nie mo\u017ce by\u0107 d\u0142u\u017cszy ni\u017c 2 miesi\u0105ce od dnia wyst\u0105pienia z\u00a0\u017c\u0105daniem.<\/p>\n<p>Je\u017celi zapewnienie dost\u0119pno\u015bci cyfrowej nie jest mo\u017cliwe, podmiot publiczny mo\u017ce zaproponowa\u0107 alternatywny spos\u00f3b dost\u0119pu do informacji. W przypadku, gdy podmiot publiczny odm\u00f3wi realizacji \u017c\u0105dania zapewnienia dost\u0119pno\u015bci lub alternatywnego dost\u0119pu do informacji, wnosz\u0105cy \u017c\u0105danie mo\u017ce z\u0142o\u017cy\u0107 skarg\u0119 w sprawie zapewnienia dost\u0119pno\u015bci cyfrowej strony internetowej. Po wyczerpaniu wskazanej wy\u017cej procedury mo\u017cna tak\u017ce z\u0142o\u017cy\u0107 wniosek do Rzecznika Praw Obywatelskich.<\/p>\n<p>Link do strony internetowej Rzecznika Praw Obywatelskich<\/p>\n<p><a href=\"https:\/\/bip.brpo.gov.pl\/pl\">https:\/\/bip.brpo.gov.pl\/pl<\/a><\/p>\n<p><strong>Dost\u0119pno\u015b\u0107 architektoniczna<\/strong><\/p>\n<p>Klub Dzieci\u0119cy w Kosowie Lackim znajduje si\u0119\u00a0 przy\u00a0 \u00a0ul. Polnej. W budynku mie\u015bci si\u0119 r\u00f3wnie\u017c Gminne Przedszkole.<\/p>\n<ol>\n<li>Do budynku prowadz\u0105 trzy wej\u015bcia. Dla Klubu Dzieci\u0119cego przeznaczone jest wej\u015bcie od strony boiska. W wej\u015bciu nie ma stopni, jest podjazd.<\/li>\n<li>Pomieszczenia klubu znajduj\u0105 si\u0119 na parterze.<\/li>\n<li>Gabinet kierownika klubu i sekretariat obs\u0142uguj\u0105cy interesant\u00f3w znajduje si\u0119 na parterze.<\/li>\n<li>W budynku nie ma windy, pochylni, platform, informacji g\u0142osowych.<\/li>\n<li>\u0141azienka nie jest dost\u0119pna dla os\u00f3b niepe\u0142nosprawnych.<\/li>\n<li>Przy budynku od strony ul. Polnej znajduje si\u0119 parking \u2013 brak wydzielonego miejsca parkingowego dla os\u00f3b niepe\u0142nosprawnych.<\/li>\n<li>Osoby korzystaj\u0105ce z pomocy psa asystuj\u0105cego maj\u0105 zapewniony wst\u0119p do budynku Przedszkola. Pies ma prawo porusza\u0107 si\u0119 wsz\u0119dzie tam, gdzie osoba, kt\u00f3rej asystuje.<\/li>\n<li>Klub Dzieci\u0119cy nie dysponuje p\u0119tlami indukcyjnymi<\/li>\n<li>Brak mo\u017cliwo\u015bci skorzystania z t\u0142umacza j\u0119zyka migowego na miejscu lub online.<\/li>\n<\/ol>\n<p><strong>Aplikacje mobilne:<\/strong><\/p>\n<p>Jednostka nie posiada aplikacji mobilnej<\/p>\n<p><strong>Dost\u0119pno\u015b\u0107 informacyjno-komunikacyjna<\/strong><\/p>\n<p><strong>Zapewnienie komunikacji z Klubem Dzieci\u0119cym na wniosek osoby ze szczeg\u00f3lnymi potrzebami.<\/strong><\/p>\n<p>Pracownik wychodzi do klienta po zawiadomieniu przez osob\u0119 wnioskuj\u0105c\u0105 o konieczno\u015b\u0107 obs\u0142ugi klienta z niepe\u0142nosprawno\u015bci\u0105 ruchow\u0105 przy wej\u015bciu do budynku.<\/p>\n","protected":false},"excerpt":{"rendered":"<p>Klub Dzieci\u0119cy w Kosowie Lackim zobowi\u0105zuje si\u0119 zapewni\u0107 dost\u0119pno\u015b\u0107 swojej strony internetowej Klubu Dzieci\u0119cego w Kosowie Lackim zgodnie z ustaw\u0105 z dnia 4 kwietnia 2019r. o dost\u0119pno\u015bci cyfrowej stron internetowych i aplikacji mobilnych podmiot\u00f3w publicznych. o\u015bwiadczenie w sprawie dost\u0119pno\u015bci ma zastosowanie do strony internetowej www.przedszkole.kosowlacki.pl\/wordpress\/\u00a0 \u00a0w zak\u0142adce Klub Dzieci\u0119cy. Data publikacji strony internetowej: 03.10.2015 r.&hellip; <br \/> <a class=\"read-more\" href=\"http:\/\/przedszkole.kosowlacki.pl\/wordpress\/klub-dzieciecy\/deklaracja-dostepnosci\/\">Read more<\/a><\/p>\n","protected":false},"author":1,"featured_media":0,"parent":1789,"menu_order":0,"comment_status":"closed","ping_status":"closed","template":"","meta":[],"_links":{"self":[{"href":"http:\/\/przedszkole.kosowlacki.pl\/wordpress\/wp-json\/wp\/v2\/pages\/4745"}],"collection":[{"href":"http:\/\/przedszkole.kosowlacki.pl\/wordpress\/wp-json\/wp\/v2\/pages"}],"about":[{"href":"http:\/\/przedszkole.kosowlacki.pl\/wordpress\/wp-json\/wp\/v2\/types\/page"}],"author":[{"embeddable":true,"href":"http:\/\/przedszkole.kosowlacki.pl\/wordpress\/wp-json\/wp\/v2\/users\/1"}],"replies":[{"embeddable":true,"href":"http:\/\/przedszkole.kosowlacki.pl\/wordpress\/wp-json\/wp\/v2\/comments?post=4745"}],"version-history":[{"count":5,"href":"http:\/\/przedszkole.kosowlacki.pl\/wordpress\/wp-json\/wp\/v2\/pages\/4745\/revisions"}],"predecessor-version":[{"id":20596,"href":"http:\/\/przedszkole.kosowlacki.pl\/wordpress\/wp-json\/wp\/v2\/pages\/4745\/revisions\/20596"}],"up":[{"embeddable":true,"href":"http:\/\/przedszkole.kosowlacki.pl\/wordpress\/wp-json\/wp\/v2\/pages\/1789"}],"wp:attachment":[{"href":"http:\/\/przedszkole.kosowlacki.pl\/wordpress\/wp-json\/wp\/v2\/media?parent=4745"}],"curies":[{"name":"wp","href":"https:\/\/api.w.org\/{rel}","templated":true}]}}

Deklaracja dostępności

<p>Klub Dziecięcy w Kosowie Lackim zobowiązuje się zapewnić dostępność swojej strony internetowej Klubu Dziecięcego w Kosowie Lackim zgodnie z ustawą z dnia 4 kwietnia 2019r. o dostępności cyfrowej stron internetowych i aplikacji mobilnych podmiotów publicznych. oświadczenie w sprawie dostępności ma zastosowanie do strony internetowej <a href="http://www.przedszkole.kosowlacki.pl/wordpress/">www.przedszkole.kosowlacki.pl/wordpress/</a>   w zakładce Klub Dziecięcy.</p>
<p>Data publikacji strony internetowej: 03.10.2015 r.</p>
<p>Data ostatniej dużej aktualizacji: 07.09.2020 r.</p>
<p>Strona internetowa jest częściowo zgodna z ustawą z dnia 4 kwietnia 2019 roku o dostępności cyfrowej stron internetowych i aplikacji mobilnych podmiotów publicznych z powodu niezgodności lub wyłączeń wymienionych poniżej:</p>
<ul>
<li>filmy nie posiadają napisów dla osób głuchych,</li>
<li>linki otwierają się w nowej karcie bez ostrzeżenia,</li>
<li>brak odpowiedniej struktury nagłówkowej artykułów,</li>
<li>część plików nie jest dostępna cyfrowo,</li>
<li>brak opisów zdjęć, tekstu alternatywnego dla czytników obsługiwanych przez osoby niepełnosprawne,</li>
<li>brak możliwości zmiany rozmiaru tekstu,</li>
<li>administratorzy/redaktorzy dokładają wszelkich starań, aby dane zamieszczone na stronie były zrozumiałe oraz formatowane w sposób zgodny z zasadami dostępności.</li>
</ul>
<p>Powody wyłączenia:</p>
<ul>
<li>strona została zaprojektowana przed wejściem w życie ustawy o dostępności cyfrowej.</li>
</ul>
<p>Strona posiada następujące ułatwienia dla osób z niepełnosprawnościami:</p>
<ul>
<li>na stronie internetowej można używać standardowych skrótów klawiaturowych przeglądarki.</li>
</ul>
<p>Oświadczenie sporządzono dnia 20.03.2025r.</p>
<p>Deklarację sporządzono na podstawie samooceny przeprowadzonej przez podmiot publiczny.</p>
<p><strong>Informacje zwrotne i dane kontaktowe</strong></p>
<p>W przypadku problemów z dostępnością do strony internetowej prosimy o kontakt.</p>
<p>osobą do kontaktu – Elżbieta Pietrzykowska.</p>
<p>adres e-mail – <a href="mailto:przedszkole.kosowlacki@vp.pl">przedszkole.kosowlacki@vp.pl</a></p>
<p>Numer telefonu 257879041</p>
<p>Tą samą drogą można składać wnioski o udostępnienie informacji niedostępnej oraz składać skargi na brak zapewnienia dostępności.</p>
<p><strong>Informacje na temat procedury odwoławczej</strong></p>
<p>Tą samą drogą można składać wnioski o udostępnienie informacji niedostępnej oraz składać skargi na brak zapewnienia dostępności. Każdy ma prawo do wystąpienia z żądaniem zapewnienia dostępności cyfrowej strony internetowej. Można także zażądać udostępnienia informacji w formach alternatywnego dostępu np. odczytanie niedostępnego cyfrowo dokumentu, opisanie zawartości filmu bez audiodeskrypcji itp.</p>
<p>Żądanie powinno zawierać dane osoby zgłaszającej żądanie, wskazanie, o którą stronę internetową chodzi oraz sposób kontaktu. Jeżeli osoba żądająca zgłasza potrzebę otrzymania informacji w formie alternatywnej powinna także określić dogodny dla niej sposób przedstawienia tej informacji.</p>
<p>Podmiot publiczny powinien zrealizować żądanie niezwłocznie, nie później niż w ciągu 7 dni od dnia wystąpienia z żądaniem. Jeżeli dotrzymanie tego terminu nie jest możliwe, podmiot publiczny niezwłocznie informuje o tym wnoszącego żądanie, kiedy realizacja żądania będzie możliwa, przy czym termin ten nie może być dłuższy niż 2 miesiące od dnia wystąpienia z żądaniem.</p>
<p>Jeżeli zapewnienie dostępności cyfrowej nie jest możliwe, podmiot publiczny może zaproponować alternatywny sposób dostępu do informacji. W przypadku, gdy podmiot publiczny odmówi realizacji żądania zapewnienia dostępności lub alternatywnego dostępu do informacji, wnoszący żądanie może złożyć skargę w sprawie zapewnienia dostępności cyfrowej strony internetowej. Po wyczerpaniu wskazanej wyżej procedury można także złożyć wniosek do Rzecznika Praw Obywatelskich.</p>
<p>Link do strony internetowej Rzecznika Praw Obywatelskich</p>
<p><a href="https://bip.brpo.gov.pl/pl">https://bip.brpo.gov.pl/pl</a></p>
<p><strong>Dostępność architektoniczna</strong></p>
<p>Klub Dziecięcy w Kosowie Lackim znajduje się  przy   ul. Polnej. W budynku mieści się również Gminne Przedszkole.</p>
<ol>
<li>Do budynku prowadzą trzy wejścia. Dla Klubu Dziecięcego przeznaczone jest wejście od strony boiska. W wejściu nie ma stopni, jest podjazd.</li>
<li>Pomieszczenia klubu znajdują się na parterze.</li>
<li>Gabinet kierownika klubu i sekretariat obsługujący interesantów znajduje się na parterze.</li>
<li>W budynku nie ma windy, pochylni, platform, informacji głosowych.</li>
<li>Łazienka nie jest dostępna dla osób niepełnosprawnych.</li>
<li>Przy budynku od strony ul. Polnej znajduje się parking – brak wydzielonego miejsca parkingowego dla osób niepełnosprawnych.</li>
<li>Osoby korzystające z pomocy psa asystującego mają zapewniony wstęp do budynku Przedszkola. Pies ma prawo poruszać się wszędzie tam, gdzie osoba, której asystuje.</li>
<li>Klub Dziecięcy nie dysponuje pętlami indukcyjnymi</li>
<li>Brak możliwości skorzystania z tłumacza języka migowego na miejscu lub online.</li>
</ol>
<p><strong>Aplikacje mobilne:</strong></p>
<p>Jednostka nie posiada aplikacji mobilnej</p>
<p><strong>Dostępność informacyjno-komunikacyjna</strong></p>
<p><strong>Zapewnienie komunikacji z Klubem Dziecięcym na wniosek osoby ze szczególnymi potrzebami.</strong></p>
<p>Pracownik wychodzi do klienta po zawiadomieniu przez osobę wnioskującą o konieczność obsługi klienta z niepełnosprawnością ruchową przy wejściu do budynku.</p>

<p>Klub Dziecięcy w Kosowie Lackim zobowiązuje się zapewnić dostępność swojej strony internetowej Klubu Dziecięcego w Kosowie Lackim zgodnie z ustawą z dnia 4 kwietnia 2019r. o dostępności cyfrowej stron internetowych i aplikacji mobilnych podmiotów publicznych. oświadczenie w sprawie dostępności ma zastosowanie do strony internetowej www.przedszkole.kosowlacki.pl/wordpress/   w zakładce Klub Dziecięcy. Data publikacji strony internetowej: 03.10.2015 r.&hellip; <br /> <a class="read-more" href="http://przedszkole.kosowlacki.pl/wordpress/klub-dzieciecy/deklaracja-dostepnosci/">Read more</a></p>
