{"id":2534,"date":"2020-03-03T12:55:11","date_gmt":"2020-03-03T11:55:11","guid":{"rendered":"http:\/\/przedszkole.kosowlacki.pl\/wordpress\/?page_id=2534"},"modified":"2026-03-26T11:54:22","modified_gmt":"2026-03-26T10:54:22","slug":"rekrutacja","status":"publish","type":"page","link":"http:\/\/przedszkole.kosowlacki.pl\/wordpress\/klub-dzieciecy\/rekrutacja\/","title":{"rendered":"Rekrutacja"},"content":{"rendered":"<h4 style=\"text-align: center;\"><strong>Rekrutacja na nowy rok szkolny 2023\/2024 rozpoczyna si\u0119 od 1 kwietnia 2026r. do 15 maja 2026r.<\/strong><\/h4>\n<p><a href=\"http:\/\/przedszkole.kosowlacki.pl\/wordpress\/wp-content\/uploads\/2026\/03\/Harmonogram-postepowania-rekrutacyjnego-do-Zlobka-w-Kosowie-Lackim.docx\">Harmonogram rekrutacji do \u017c\u0142obka<\/a><\/p>\n<p>Dokumenty nale\u017cy z\u0142o\u017cy\u0107 w sekretariacie przedszkola.<\/p>\n<p><strong>Za\u0142\u0105czniki:<\/strong><\/p>\n<ol>\n<li><a href=\"http:\/\/przedszkole.kosowlacki.pl\/wordpress\/wp-content\/uploads\/2026\/03\/KARTA-ZGLOSZENIA-DZIECKA-DO-ZLOBKA-W-KOSOWIE-LACKIM.docx\">Karta zg\u0142oszenia dziecka<\/a><\/li>\n<li><a href=\"http:\/\/przedszkole.kosowlacki.pl\/wordpress\/wp-content\/uploads\/2026\/03\/Potwierdzenie-woli-przyjecia.docx\">Potwierdzenie woli przyj\u0119cia<\/a><\/li>\n<li><a href=\"http:\/\/przedszkole.kosowlacki.pl\/wordpress\/wp-content\/uploads\/2026\/03\/OSWIADCZENIE-o-samotnym-wychowaniu-dziecka.docx\">O\u015bwiadczenie o samotnym wychowywaniu\u00a0dziecka <\/a><\/li>\n<li><a href=\"http:\/\/przedszkole.kosowlacki.pl\/wordpress\/wp-content\/uploads\/2026\/03\/Oswiadczenie-dotyczace-przedluzenia-uczeszczania-dziecka-do-Zlobka.doc\">O\u015bwiadczenie dotycz\u0105ce przed\u0142u\u017cenia ucz\u0119szczania dziecka do 4 roku \u017cycia do \u017b\u0142obka<\/a><\/li>\n<li><a href=\"http:\/\/przedszkole.kosowlacki.pl\/wordpress\/wp-content\/uploads\/2024\/02\/Zalacznik-osw_zatrud_ojciec.matka_.doc\">O\u015bwiadczenie o pozostawaniu w zatrudnieniu\/ samozatrudnieniu\/pobieraniu nauki dla matki i dla ojca<\/a><\/li>\n<li><a href=\"http:\/\/przedszkole.kosowlacki.pl\/wordpress\/wp-content\/uploads\/2026\/03\/OSWIADCZENIE-O-WIELODZIETNOSCI-RODZINY-KANDYDATA.docx\">O\u015bwiadczenie o wielodzietno\u015bci rodziny dziecka<\/a><\/li>\n<\/ol>\n","protected":false},"excerpt":{"rendered":"<p>Rekrutacja na nowy rok szkolny 2023\/2024 rozpoczyna si\u0119 od 1 kwietnia 2026r. do 15 maja 2026r. Harmonogram rekrutacji do \u017c\u0142obka Dokumenty nale\u017cy z\u0142o\u017cy\u0107 w sekretariacie przedszkola. Za\u0142\u0105czniki: Karta zg\u0142oszenia dziecka Potwierdzenie woli przyj\u0119cia O\u015bwiadczenie o samotnym wychowywaniu\u00a0dziecka O\u015bwiadczenie dotycz\u0105ce przed\u0142u\u017cenia ucz\u0119szczania dziecka do 4 roku \u017cycia do \u017b\u0142obka O\u015bwiadczenie o pozostawaniu w zatrudnieniu\/ samozatrudnieniu\/pobieraniu nauki&hellip; <br \/> <a class=\"read-more\" href=\"http:\/\/przedszkole.kosowlacki.pl\/wordpress\/klub-dzieciecy\/rekrutacja\/\">Read more<\/a><\/p>\n","protected":false},"author":9,"featured_media":0,"parent":1789,"menu_order":0,"comment_status":"closed","ping_status":"closed","template":"","meta":[],"_links":{"self":[{"href":"http:\/\/przedszkole.kosowlacki.pl\/wordpress\/wp-json\/wp\/v2\/pages\/2534"}],"collection":[{"href":"http:\/\/przedszkole.kosowlacki.pl\/wordpress\/wp-json\/wp\/v2\/pages"}],"about":[{"href":"http:\/\/przedszkole.kosowlacki.pl\/wordpress\/wp-json\/wp\/v2\/types\/page"}],"author":[{"embeddable":true,"href":"http:\/\/przedszkole.kosowlacki.pl\/wordpress\/wp-json\/wp\/v2\/users\/9"}],"replies":[{"embeddable":true,"href":"http:\/\/przedszkole.kosowlacki.pl\/wordpress\/wp-json\/wp\/v2\/comments?post=2534"}],"version-history":[{"count":26,"href":"http:\/\/przedszkole.kosowlacki.pl\/wordpress\/wp-json\/wp\/v2\/pages\/2534\/revisions"}],"predecessor-version":[{"id":23636,"href":"http:\/\/przedszkole.kosowlacki.pl\/wordpress\/wp-json\/wp\/v2\/pages\/2534\/revisions\/23636"}],"up":[{"embeddable":true,"href":"http:\/\/przedszkole.kosowlacki.pl\/wordpress\/wp-json\/wp\/v2\/pages\/1789"}],"wp:attachment":[{"href":"http:\/\/przedszkole.kosowlacki.pl\/wordpress\/wp-json\/wp\/v2\/media?parent=2534"}],"curies":[{"name":"wp","href":"https:\/\/api.w.org\/{rel}","templated":true}]}}

<h4 style="text-align: center;"><strong>Rekrutacja na nowy rok szkolny 2023/2024 rozpoczyna się od 1 kwietnia 2026r. do 15 maja 2026r.</strong></h4>
<p><a href="http://przedszkole.kosowlacki.pl/wordpress/wp-content/uploads/2026/03/Harmonogram-postepowania-rekrutacyjnego-do-Zlobka-w-Kosowie-Lackim.docx">Harmonogram rekrutacji do żłobka</a></p>
<p>Dokumenty należy złożyć w sekretariacie przedszkola.</p>
<p><strong>Załączniki:</strong></p>
<ol>
<li><a href="http://przedszkole.kosowlacki.pl/wordpress/wp-content/uploads/2026/03/KARTA-ZGLOSZENIA-DZIECKA-DO-ZLOBKA-W-KOSOWIE-LACKIM.docx">Karta zgłoszenia dziecka</a></li>
<li><a href="http://przedszkole.kosowlacki.pl/wordpress/wp-content/uploads/2026/03/Potwierdzenie-woli-przyjecia.docx">Potwierdzenie woli przyjęcia</a></li>
<li><a href="http://przedszkole.kosowlacki.pl/wordpress/wp-content/uploads/2026/03/OSWIADCZENIE-o-samotnym-wychowaniu-dziecka.docx">Oświadczenie o samotnym wychowywaniu dziecka </a></li>
<li><a href="http://przedszkole.kosowlacki.pl/wordpress/wp-content/uploads/2026/03/Oswiadczenie-dotyczace-przedluzenia-uczeszczania-dziecka-do-Zlobka.doc">Oświadczenie dotyczące przedłużenia uczęszczania dziecka do 4 roku życia do Żłobka</a></li>
<li><a href="http://przedszkole.kosowlacki.pl/wordpress/wp-content/uploads/2024/02/Zalacznik-osw_zatrud_ojciec.matka_.doc">Oświadczenie o pozostawaniu w zatrudnieniu/ samozatrudnieniu/pobieraniu nauki dla matki i dla ojca</a></li>
<li><a href="http://przedszkole.kosowlacki.pl/wordpress/wp-content/uploads/2026/03/OSWIADCZENIE-O-WIELODZIETNOSCI-RODZINY-KANDYDATA.docx">Oświadczenie o wielodzietności rodziny dziecka</a></li>
</ol>

<p>Rekrutacja na nowy rok szkolny 2023/2024 rozpoczyna się od 1 kwietnia 2026r. do 15 maja 2026r. Harmonogram rekrutacji do żłobka Dokumenty należy złożyć w sekretariacie przedszkola. Załączniki: Karta zgłoszenia dziecka Potwierdzenie woli przyjęcia Oświadczenie o samotnym wychowywaniu dziecka Oświadczenie dotyczące przedłużenia uczęszczania dziecka do 4 roku życia do Żłobka Oświadczenie o pozostawaniu w zatrudnieniu/ samozatrudnieniu/pobieraniu nauki&hellip; <br /> <a class="read-more" href="http://przedszkole.kosowlacki.pl/wordpress/klub-dzieciecy/rekrutacja/">Read more</a></p>
